+ 5*y**4/12 - 4*y. Let a(z) be the third derivative of f(z). Give a(-3).
-4
Let x(u) = 3*u + 3. Suppose -3*c + 4*t = 21, c + 0*c + 9 = 2*t. Let y be (-2)/(-2) - (c + 7). Calculate x(y).
-6
Let f be -6 + 6 + -1 + -1. Let s(m) = m**2 + m - 1. Determine s(f).
1
Let a be 8 - (8 - 0)/2. Let u(y) = 7 + 2*y - 7 + 3*y**3 + a*y**2. What is u(-2)?
-12
Let v = 106 + -108. Let y(r) = -r**3 - r**2 + 2*r - 1. Give y(v).
-1
Let j(s) be the first derivative of -1/2*s**2 - 3 + 0*s. Suppose -6*a + 3 = -3*a. What is j(a)?
-1
Let i(b) = 6*b - 5*b - b**2 + 4*b + 8 + 0*b**2. What is i(7)?
-6
Let u(t) = -7*t + t + 7*t - 7. What is u(5)?
-2
Let j(a) be the second derivative of -a**4/12 + 7*a**3/6 - a**2 - 5*a. What is j(5)?
8
Suppose -4*v + 2 = 2*j - 0, -v + 3*j = -18. Let h be (1 - v)/(5 - 4). Let r be (10/4)/(1/h). Let t(q) = q**2 + 4*q - 6. What is t(r)?
-1
Let r(l) = 3*l**2 + 2*l - 3. Let h(n) = n**3 - 3*n**2 + 2*n - 4. Let s be h(3). Determine r(s).
13
Let q(w) = -w - 1. Let x(c) be the third derivative of 0*c + 1/60*c**5 + 0*c**3 + 0 - 2*c**2 + 0*c**4. Let p be x(0). Give q(p).
-1
Let x(z) = 20*z - 47. Let k(n) = 7*n - 16. Let u(r) = 17*k(r) - 6*x(r). Calculate u(5).
5
Suppose 4*z + 3*k - 31 + 8 = 0, 0 = 4*z - 5*k + 17. Suppose -2*v - 2*v + 16 = 0. Let a(d) = 5*d**3 + 2 - 4*d + 5*d - 3*d**3 - v*d**2. Determine a(z).
4
Let b(w) = -5*w - 1 + 7*w + 9. Let t be b(-6). Let d(h) = -h + 3 - 1 + 2*h. Calculate d(t).
-2
Let k(j) = -j**3 + 4 - 10 - 6 - j + 2. Determine k(0).
-10
Let t(p) = 1 + 5*p + 3*p - 4*p - p**2 - 3*p. Calculate t(3).
-5
Let y(x) = -10 + 8 + x**2 + x**3 + 1. Determine y(-2).
-5
Let x(d) = d**2 - 3*d + 1. Let i(j) = 3 + 0*j**2 + j**2 - 3*j - j. Suppose -2*v = 1 - 9. Let u be i(v). Determine x(u).
1
Let g = 3 + 3. Suppose 4*z - g*z = 0. Let j(y) = -y**2 - y + 6. Determine j(z).
6
Let a(h) = -2*h + 12. Let z(l) = l**3 + 15*l**2 - 18*l - 24. Let w be z(-16). Give a(w).
-4
Suppose -3 = v - 2. Let l(a) = a - 1. Let t(x) = 5*x**3 + x - 2. Let d(i) = l(i) - t(i). Calculate d(v).
6
Suppose -19 + 1 = -2*w + 4*y, 2*w - 14 = 3*y. Let r(x) = x**3 + 4 - x**2 + 2*x**2 - 5. Determine r(w).
1
Let i(b) = -b + 1. Suppose k - 10 - 11 = -4*n, -2*k - 4*n = -22. Let u(z) = -2*z + 3. Let w(h) = k*u(h) - 3*i(h). Give w(1).
1
Suppose v = 2 - 4. Let r(c) be the first derivative of 3/2*c**2 + 3*c + 2/3*c**3 + 2. Determine r(v).
5
Let w = 4 - 2. Let y(g) = -2*g + 1 + 0*g - 1 + w. Give y(-2).
6
Let f(g) be the third derivative of -g**6/20 - g**3/6 + 3*g**2. Give f(1).
-7
Suppose 2*g - 6*u = -4*u - 24, 0 = g + 3*u. Let j(o) = o**3 + 8*o**2 - 8*o + 8. Calculate j(g).
-1
Let q = 6 + -3. Let m(h) = 3*h - 2*h**3 + q - h + 0*h + 3*h**3. Give m(-2).
-9
Let g(i) = i. Let v(y) be the second derivative of -y**3/3 + y. Let t be -2 - (-1 + -2 + 2 + 2). Let h(z) = t*v(z) - 5*g(z). Determine h(-3).
-3
Suppose -p + 4*p - 6 = 0. Let f be 0/1 - p - -1. Let t(b) = -3*b + 1. Give t(f).
4
Let t be (-8)/12 + 11/3. Let j(h) = h**3 - 2*h**2 + 3*h - 3. Calculate j(t).
15
Suppose 5*m + 19 - 9 = 0. Let c(g) = -4*g + 1. Give c(m).
9
Let b(w) = -8*w**2 + 6*w + 6. Let u(j) = -j**2 + j + 1. Let c(v) = b(v) - 6*u(v). Let k be ((-4)/10)/((-2)/(-10)). Calculate c(k).
-8
Let c(m) = -2*m**2 + 8*m + 5 + m**2 - 9*m. Give c(4).
-15
Let s(c) be the second derivative of c**3/6 - 2*c**2 + 6*c. Suppose -2*u + 0 = -8. Give s(u).
0
Let s(v) = -16*v**2 + 6*v + 16. Let n(x) = 3*x**2 - x - 3. Suppose 0 = -2*g - w - 23, -3*w - 36 = g + 2*g. Let m(q) = g*n(q) - 2*s(q). Calculate m(-2).
-1
Let g(f) = 3*f**2 + 3*f - 1. Let s = 1 + 2. Let m(c) = -3*c**2 - 4*c + 1. Let w(q) = s*m(q) + 4*g(q). Suppose 4*p - 5 = l, 2 + 1 = -3*l. Calculate w(p).
2
Suppose -6 = -2*g + 18. Suppose 3 + g = 5*r. Let z(i) = -i**2 + 3. Determine z(r).
-6
Let q(l) = -565*l**3 + 4*l**2 + l + 2*l**2 + 566*l**3 - 1. Let f = 5 - 11. Give q(f).
-7
Suppose 3*k + 9 = r, 3*k + 10 - 1 = 0. Let p(z) = z - 3. What is p(r)?
-3
Let u(j) = 1 + 2*j - 2 - 1. Suppose 0 = n - 3*m - 1, -5*n - m = 11. Determine u(n).
-6
Let i(n) = n**2 + 9*n + 4. Suppose 4*k - 7 = -3*f - 37, -k - 14 = 4*f. What is i(k)?
-14
Let u = 2 - 2. Suppose 5*l - l = u. Let t(b) = 1 - b - 2 - b**2 + 4. Calculate t(l).
3
Suppose -2*d + 2*r = -4, -2*r = -0*d - 5*d - 5. Let x be (-3 + d)*(-1)/2. Let l(o) = 4*o**2 - 4 - o**2 - 2*o**2 - o. What is l(x)?
2
Suppose 3*g - 3 = 3. Let i(d) = 2*d**3 - 2*d**2 - d - 2. Calculate i(g).
4
Let u = 13 + -15. Let c(q) = -q**3 - 2*q**2 + 3*q + 1. Calculate c(u).
-5
Suppose 5*o - o - 4 = 0. Let j(c) = c**3 + 4*c**2 + 3*c + 1. Let r be j(-2). Let f(w) = -w + r + 0 + o. Determine f(6).
-2
Let k = 12 + -10. Let n(f) = 0*f - 3*f + 4*f - k*f. Determine n(4).
-4
Suppose -6 = j + 2*j. Let l be (j + 4)*(2 - 1). Let i(w) = 3 - w**2 - 5 - l*w + 5. Determine i(-4).
-5
Let g(i) = -i**3 - i**2 + i + 4. Suppose 2 = n - 3. Let k = -3 + n. Suppose 0 = -k*x - 3*x. Give g(x).
4
Let w(k) = k**2 + 4*k + 3. Let u be w(-3). Let q(i) = -3 + 1 - i + 3 + u. Determine q(2).
-1
Let z(g) = -g**3 - 7*g**2 - 5*g + 8. Let m be z(-6). Let i(c) = -3*c**m + 4*c + 2 - 4*c - c**3 + 7*c - c. Calculate i(-4).
-6
Let b(m) = 2*m**2 - 4*m + 4. Let j(v) = -3*v**2 + 6*v - 6. Let h(d) = -2*d**2 + 3. Let s be h(-2). Suppose w - 2 = -9. Let u(l) = s*j(l) + w*b(l). Give u(2).
2
Let h(w) = 4*w**3 - 3*w**2 - 3*w + 3. Let v(o) = 3*o**3 - 2*o**2 - 2*o + 3. Let b(i) = 2*h(i) - 3*v(i). Let t = 0 + 0. Determine b(t).
-3
Let x(t) = -t + 2. Let w be x(-3). Suppose -13 = -2*f + 5*c, w*f + 9 + 16 = c. Let p(g) = -g + 2. Give p(f).
8
Let a(p) = -p + 1. Let u(n) = -n + 12. Let w(o) = 3*a(o) - u(o). What is w(-8)?
7
Let n be ((-2)/8*9)/(18/48). Let t(h) = 2*h - 3. What is t(n)?
-15
Let f(j) be the first derivative of 7*j**3/3 + j**2 + j + 1. Calculate f(-1).
6
Let u(m) = -m**2 - 3*m - 3. Let i be (-13)/5 - (-2 - 7/(-5)). Calculate u(i).
-1
Let q(h) = h. Let o(g) = 6*g + 1. Let f be o(4). Let r = f + -20. Give q(r).
5
Let z = 0 + -2. Let n(r) be the third derivative of -r**5/30 - r**4/8 - r**3/6 + r**2. Let l be n(z). Let c(f) = -f + 1. Determine c(l).
4
Let t be (4/(-8))/((-1)/12). Let q(n) = -5*n**2 + n**3 + 1 - 2 - 3 + 7*n. Let k(h) = -h**3 + 5*h**2 - 6*h + 3. Let s(f) = t*q(f) + 7*k(f). Calculate s(5).
-3
Let q be 0 - 4 - (-1 - 1). Let l(z) = 2*z + 4. Let w(s) = -s - 2. Let g(a) = -3*l(a) - 7*w(a). Give g(q).
0
Let s be (-2)/(-2 - 0) - -2. Let l(u) = -u**3 + u**2 + 2*u. Calculate l(s).
-12
Let y(s) = -s**2 - 7*s - 6. Let d be 11/44 + (-78)/(-8). Suppose g + g - 2*m = -d, 4*g + 25 = -m. Calculate y(g).
0
Let s(c) be the first derivative of -c**4/4 - c**2/2 + 4*c + 6. Give s(0).
4
Let z = 13 - 8. Let y(f) be the second derivative of f**4/12 - 5*f**3/6 - f**2 + f. Determine y(z).
-2
Let s(m) = m**2 - 7*m + 3. Let i(n) = n**3 + 7*n**2 + 6*n + 5. Let q(a) = 2*a + 14. Let v be q(-10). Let c be i(v). Give s(c).
-7
Let z be (-2 - 1)/((-30)/80). Let s(y) = -14*y + 5*y - 1 + z*y. Suppose 2*b = -2*p + b - 11, -5*b - 10 = -5*p. Determine s(p).
2
Let a(s) = s**3 + 8*s**2 + 6*s - 9. Let w be a(-7). Suppose -3*b - 5*j + 0*j = 5, 0 = -5*j - 5. Let z(y) = 3*y + 2*y**2 + 5 + b - 4. Give z(w).
3
Let h(a) = 3 - 4*a**2 + 8*a - 7 - 20*a + 16*a + a**3. Suppose -12 = -l + 3*u - 3, 8 = -4*u. Calculate h(l).
-1
Let u(w) = -w**2 - 3*w + 2. Let n = -102 + 97. Calculate u(n).
-8
Let y = 1 + -6. Let g be (-3)/y + 14/35. Suppose 0*z = z - g. Let n(w) = w. What is n(z)?
1
Let w = 16 - 5. Suppose 0 = 2*u - w - 1. Let l(b) = b - 10. Let z(d) = 1. Let o(r) = u*z(r) + l(r). Determine o(2).
-2
Let b(u) be the second derivative of u**5/20 - 13*u**4/12 + 2*u**3 + u**2/2 - 2*u. Let i be b(12). Let h(j) = 7*j**2 + 2*j - 1. What is h(i)?
8
Let d(o) = o**2 + 6*o. Let q(v) = v**2 - 1. Let k(f) = -2*f**2 - 2*f + 3. Let j(a) = -2*k(a) - 6*q(a). Let i be j(3). Calculate d(i).
0
Let v(t) = -15*t - 13*t - 7 + 26*t. Give v(-5).
3
Let b(a) be the first derivative of -a**4/4 - 4*a**3/3 + 7*a**2/2 + 6*a - 7. Determine b(-5).
-4
Let q(j) = -j**2 - 4*j - 2. Let u be q(-2). Let h(w) = w**3 - 3*w**2 - 2*w + 1. Give h(u).
-7
Let u(l) = l + 9. Let t(h) = -h - 10. Let a(d) = -4*t(d) - 5*u(d). Calculate a(0).
-5
Let w(t) = -t**3 - 3*t**2 + 4*t + 3. Let u be w(-4). Let k(y) = -y**2 + 2*y + 2. What is k(u)?
-1
Let k = 3 + -7. Let m(t) be the first derivative of -2*t**3/3 - 7*t**2/2 - 4*t 